he second derivative of 5*r**4/6 + 5*r**3/3 - 61*r**2/2 + 2*r + 27. Is k(-11) a composite number?
False
Let a(l) = 590*l**3 + 2*l - 4. Let g be a(2). Is g/6 - (-34)/102 a prime number?
True
Let n be (-4)/3*138/4. Suppose 73*r - 10551 = 10206 + 12312. Let z = r + n. Is z a composite number?
True
Suppose 3*k = -18, -2*v + 76875 - 16787 = -5*k. Is v composite?
False
Suppose 0 = 4*g - 4*m - 20, 3*g - 12 = -2*m + 6*m. Suppose -g = -3*y + 1. Suppose y*o = -5*p + 17 + 25, 3*o = -4*p + 36. Is p composite?
True
Suppose 4*r + 2*c - 454202 = 0, 725965 - 158208 = 5*r + c. Suppose r = 38*d - 22*d. Is d prime?
False
Let y(w) = -15*w + 20. Suppose 6*h - 25 = 5. Let m be y(h). Let u = 90 + m. Is u composite?
True
Suppose -4558888 = -16664*l + 16656*l. Is l a prime number?
True
Suppose 27 = -7*f - 71. Let u be f/(-70) + 38/10. Suppose u*r = -4*r + 6424. Is r composite?
True
Let l(g) = -g**2 + 18*g - 14. Let i be l(18). Let p = -13 - i. Is (411/(-9))/(p/(-9)) a prime number?
False
Let j(c) = 2*c**2 - 6*c - 6. Let w be j(5). Suppose -17*a + w*a = 0. Suppose 3*n = -3*u + 564, 758 = 4*u + 2*n - a*n. Is u a composite number?
False
Let t be (-7)/(56/12)*-2. Suppose 4*q = -j + 133, -t*q + 136 = -2*j + 446. Suppose -5*c = z - 674, -z + 5*c + 495 = -j. Is z a prime number?
True
Suppose 3*y + 98 = 5*x + 4, 4*x = -4*y - 104. Let j = -23 - y. Suppose -935 = -2*a - 3*l + 4*l, -j*a = -4*l - 2333. Is a a prime number?
False
Let j(x) = 69*x**2 + 3*x - 14. Let g be j(6). Let o = -1409 + g. Is o prime?
False
Is (-1250)/750 - (23708/(-3) - 0) a prime number?
True
Suppose -5*h + 0*a + 80 = 5*a, a + 84 = 4*h. Let n be (1 + (-94)/(-6))/((-4)/(-66)). Let x = h + n. Is x composite?
True
Suppose -p + 562692 = 5*t, -t - 562650 = -89*p + 88*p. Is p prime?
False
Let r = 659907 + -339098. Is r a prime number?
False
Suppose 8*d - 7*d = 0. Suppose d*u + 3*u = 9. Suppose 2243 = 5*o + x, 5 = -x + u. Is o a prime number?
True
Suppose 2*z - 34 + 32 = 0, 0 = 2*k + 3*z - 393169. Is k a prime number?
True
Let d = -78133 - -145596. Is d a composite number?
True
Let c = 8 + 5. Let r = 13 - c. Suppose r = -5*z - 20, -2*l + 0*l = 4*z - 738. Is l composite?
True
Suppose 132176 = -76*w + 3936888. Is w prime?
False
Let o(a) = -29*a + 265. Let c be o(0). Let i = 522 + c. Is i a prime number?
True
Suppose 0 = -4*v - 2*c - 0*c + 20, 0 = 3*v - 3*c - 24. Suppose 0 = -5*d + 19 + v. Suppose -3*x - 4*q = -1483, q - 468 = -d*x + 1998. Is x composite?
True
Suppose s = 3*t - 4, 2 = -0*t - t. Let v be (-11112)/(-30) + (-6)/s. Suppose v + 1417 = 2*o + 5*f, -4*f = 3*o - 2689. Is o a composite number?
True
Let z(s) = 2*s**3 - 5*s**2 + 5*s - 8. Let w be z(4). Suppose -3*d + 99 = 3*u, 3*d - 47 = 5*u + w. Is (-6)/4*-86 - d/17 a prime number?
True
Let n = -23 + 28. Suppose 13 + 2 = n*t. Suppose -j + 11 = t*d - 2*d, 4*d + 12 = 0. Is j prime?
False
Suppose 0 = 3*z + 13588 - 40927. Is z prime?
False
Is (225/20 - 12) + (-4159790)/(-8) composite?
True
Let o(c) = -33*c**3 - 11*c**2 + 5*c + 75. Let t(q) = 166*q**3 + 56*q**2 - 26*q - 373. Let a(g) = 11*o(g) + 2*t(g). Is a(-6) a composite number?
True
Let p(h) = -h**3 - 3*h**2 + 14*h + 24. Let o be p(-2). Is 2*(4325700/o)/(-15) composite?
True
Suppose -82*r + 79*r - 3*y = -2280648, -2*y - 1520412 = -2*r. Is r a composite number?
False
Suppose -2472*z + 611305 = -2446*z - 20625. Is z composite?
True
Is (-2)/48*-8*-12 + (68047 - -4) composite?
True
Let i = -85 - -84. Is -8*i/12*(-19041)/(-2) composite?
True
Let v(r) = -r**3 + 40*r**2 - 146*r - 17. Is v(-56) a composite number?
True
Let s(i) = -1866*i + 21. Let x be s(-6). Suppose 2*z - 5448 = -3*t, x = 5*t - z + 2150. Is t a composite number?
True
Let u(f) = 108*f - 25. Let a = 0 + 8. Is u(a) composite?
False
Let b be -2 + 560/6*-54. Let n = 7333 + b. Is n a prime number?
False
Suppose 0*z = -2*z + 12. Suppose -z*k - 2598 = -8424. Is k composite?
False
Let g = -4016 - -4019. Let u be 1 + (5284 - (-3 + 2)). Suppose -4*j + 20 = 0, 3*q + g*j - u = -0*q. Is q a composite number?
True
Suppose 523 = 4*z - m, 0 = -2*z + 5*m - 3*m + 266. Let v(j) = -17*j + z*j + 0 - 3 + 32*j. Is v(2) a composite number?
True
Let u(y) = 14740*y - 761. Is u(15) a prime number?
False
Let z(w) = 2*w**3 + 23*w**2 + 40*w + 498. Is z(53) a prime number?
True
Suppose -24*r - 449122 = -10*r - 1348160. Is r a composite number?
False
Let z(m) = 4 + 1 - 140*m - 2 - 1. Let c be z(4). Is (-29 + c)*-1*1 a composite number?
False
Suppose -3*f + 2 = -2*f. Suppose h - f*p - 69 = -10, 0 = -3*h - 4*p + 127. Is h prime?
False
Suppose -13*s - 3*s - 5370984 = -88*s. Is s prime?
True
Let c be ((-6)/(-8) + -3)/(2/(-48)). Suppose -14*y = -5*y - c. Suppose b - y*b = -1315. Is b prime?
True
Let f(q) = 45*q**3 + 30*q**2 - 88*q + 11. Is f(8) a prime number?
False
Suppose -y + 14 - 10 = 0. Suppose y*s + 35 = 15. Is -111*s/30*6 prime?
False
Suppose 2*u + 160573 = b + 458741, 3*u + 2*b - 447273 = 0. Is u a composite number?
False
Suppose 2*p + 6 = -4*p. Let h be 4 + (2498 - (p + -1)) + -3. Let j = -1260 + h. Is j a composite number?
True
Suppose -t = r + 2*t - 43901, -2*r = -5*t - 87758. Is r a composite number?
False
Suppose -4*m = -14*m - 8530. Let t = 802 - m. Is t prime?
False
Let b = -440 + 548. Is (-6)/b*-2 + 117032/36 composite?
False
Let k be 1*(11 - 3)/4. Suppose 0 = 3*r + 2*v - 2380 + 880, -k*r = -2*v - 990. Suppose r + 85 = a. Is a prime?
False
Let z be (-29 - -30)/((-1)/(-19)). Let k(j) = -z + 23*j + 17 + 14 + 8. Is k(13) a composite number?
True
Suppose -106*u + 119*u - 349817 = 0. Is u a composite number?
True
Let d be 1 + -3 + 9076/4. Let m = d + -54. Suppose -3*k = f + 405 - m, -2*f + 5*k = -3583. Is f a prime number?
False
Suppose -407*t = -436*t + 3205747. Is t composite?
False
Suppose -2*t + 64782 = -362644. Is t prime?
True
Suppose 2*k + 21 = -2*a + 55, 82 = 5*k + 2*a. Suppose -k*r + 38066 = -2*r. Is r prime?
True
Suppose 4*f - 98779 = -3*w, 2*w - 65858 = 12*f - 16*f. Is w a prime number?
False
Suppose 5*t - 10 = -5*n, 9*n = 4*n - t - 6. Let v(u) = -u**3 + 5*u + 4. Let l be v(n). Suppose 5*g - 18 = l, -5*q = -3*g - 6973. Is q a composite number?
True
Suppose 0*o - t = -3*o - 8624, 5*o + 14374 = t. Let m = 934 - o. Is m composite?
True
Let h(o) = 22*o**2 + 17*o + 2. Is h(8) a prime number?
False
Let h(b) = -5 - 16 + b**3 + 12*b**2 + 11*b + 22*b. Is h(12) a composite number?
True
Let b be (-3)/(-6) + 153/6. Suppose 0 = -4*j - 5*f + 16 + 37, -3*j + b = f. Suppose 5*o = j*o - 3530. Is o prime?
False
Is (-252)/36 - (40 + 2)*-2404 a prime number?
False
Suppose -y + j + 1440 = 101, 5*y + j - 6683 = 0. Suppose y = -25*f + 26*f. Is f composite?
True
Let r(k) = -17*k**3 - 10*k**2 + 6*k + 1. Let i be r(7). Let l = i + 21829. Is l composite?
False
Let c(w) = 10*w**2 - 15*w + 10. Let q be c(8). Let m = 1905 + q. Is m a prime number?
False
Let i(w) = 1. Let x(q) = 6*q**2 - 14*q + 18. Let d(t) = -10*i(t) + 2*x(t). Is d(12) composite?
True
Suppose -85*q = -86*q + 3. Suppose z = -q*k - 2*z + 20394, 5*z - 20384 = -3*k. Is k a prime number?
True
Let u(t) = t**3 + 4*t**2 + 5*t + 4. Let m be (-6)/8 + (-125)/100. Let d be u(m). Suppose d*v = 417 + 499. Is v a prime number?
False
Let x be -4 - ((-1)/((-3)/(-93105)) + -2). Suppose x + 17319 = 16*n. Is n prime?
False
Suppose -7*p = 197 - 722. Suppose p*u + 209 = 76*u. Is u composite?
True
Let k be 16131200/130 - (-1)/((-52)/8). Suppose -4*w + k = 2*w. Is w composite?
False
Let y(v) = -1567*v - 2349. Is y(-100) a composite number?
False
Suppose -127*j - 1639529 = -169*j - 335387. Is j a prime number?
True
Suppose 0 = b - 5*p - 1164 - 916, 4225 = 2*b + 3*p. Let c = b - 708. Is c a composite number?
True
Let b(w) = 24*w**2 - 4*w - 567. Is b(-26) a composite number?
False
Let p(g) = 2415*g**2 + g + 1. Let j be p(-1). Suppose 2*r - 5*s = -3002, -1439 - 17 = r + 5*s. Let b = j + r. Is b a prime number?
True
Let n be (2 + -3*(-13)/(-15))*5. Is n*8491/21*-1 composite?
False
Is (-2486351)/(-21)*((-3)/(-10))/((-35)/(-350)) a composite number?
False
Suppose q = -3*g + 4*g + 22747, 3*g - 3 = 0. Let b = q + -15379. Is b a composite number?
False
Let g = 64828 - -258541. Is g a prime number?
True
Let t = 115163 + -71442. Is t composite?
False
Let i(y) be the second derivative of -229*y**5/20 - 7*y**3/6 - 5*y**2/2 + 4*y. Let q(x) = -x**3 - 6*x**2 - 4*x + 